7*w. Suppose f - 4*g - 446 = 0, 6*g + t = 5*f + 8*g. What are the prime factors of f?
2, 7, 31
Suppose -5*c + 4*i = 1508, 0 = -c - 4*i + 30 - 322. Let g = c + 794. List the prime factors of g.
2, 13, 19
Suppose 0 = 868*c - 906*c + 311638. What are the prime factors of c?
59, 139
Let m be (42 + 6/(-1))*6. Suppose 0 = -9*o + 72 + m. What are the prime factors of o?
2
Let s(y) = y**3 - 3*y**2 - 8*y - 5. Let m be s(5). Suppose -j = v, -m*v = 4*j - 6*v. Suppose 60 + 2 = g - 2*z, j = z + 1. List the prime factors of g.
2, 3, 5
Suppose 0 = 20*z + 4*z - 144. Suppose -17*j + z*j = -16335. What are the prime factors of j?
3, 5, 11
Let f(u) = -u - 9. Let h be f(15). Let t = h + 30. What are the prime factors of (-2254)/(-56) + t/8?
41
Suppose 0 = 5*h + p - 304675, 4*p = 3*h - 228267 + 45439. What are the prime factors of h?
2, 3, 2539
Let x = -22 + 26. Suppose -x*o = -o - 63. List the prime factors of (-2)/(-7) - (-372)/o.
2, 3
Suppose -2*t + 124 = -782. Suppose 5*n = 2*u - t, -u + 181 = -n - n. Let v = n - -167. List the prime factors of v.
2, 19
Let g be 309*2*(8 - 7). Suppose -5*x + 4*r = -3108, -g = -x - r + 3*r. What are the prime factors of x?
2, 3, 13
Suppose 3*i = 5*n + 4*i - 16, 4*n = 3*i + 28. Suppose n*s - 309 - 1603 = 0. What are the prime factors of s?
2, 239
Let n = -310 + 187. Let t = n + 148. List the prime factors of t.
5
Let a = -6321 + 14925. What are the prime factors of a?
2, 3, 239
Suppose 4*q - 9 = -1. Suppose 4*m + q*u + 16 = 8*m, m - 5*u + 14 = 0. Let s(b) = b**3 - 6*b**2 + 7*b + 5. List the prime factors of s(m).
47
Suppose -8 = -9*s + 5*s. Suppose 4*u - s*l - 864 = 0, 247 - 1119 = -4*u - 2*l. List the prime factors of u.
7, 31
List the prime factors of 19/(76/(-108))*11372/(-12).
3, 2843
Let p be ((-3)/(-4))/(8/32). Suppose 3*s = p*a + 3, 3*s - 5*a + 2 = 1. Suppose 2*m = -m + s*l + 114, -4*l + 38 = m. What are the prime factors of m?
2, 19
Let z(a) be the second derivative of a**5/20 + 2*a**4/3 - 3*a**3/2 - 9*a**2/2 + 2*a. Suppose 97*n + 280 = 62*n. List the prime factors of z(n).
3, 7
Let w be (-266)/6 + (-12)/(-36). Let c be (-8)/w + (-202)/22. List the prime factors of (3 - c)/((-3)/(-20)).
2, 5
Let l be 4 + (-1 - (-36)/(-4)). Let z be 5/(-3) + 2 - 40/l. Let m = z - -100. What are the prime factors of m?
107
Suppose 0 = -2*n + 7*n - 80. Let g = 46 - n. Let x = 203 - g. What are the prime factors of x?
173
Let z(h) = 294*h**2 - 99*h + 1046. List the prime factors of z(11).
35531
Let h(a) = a**3 + 7*a**2 + a + 10. Suppose 31 = -7*k - 18. Let q be h(k). Suppose -2*g = -5*f - 182, q*g - 87 = -f + 203. List the prime factors of g.
2, 3
List the prime factors of (12/(-18))/((-54)/702513).
3, 7, 59
Let u be (1/(-4))/(27/(-324)). Suppose u*n - 8*n = -1590. List the prime factors of n.
2, 3, 53
Suppose 0 = 4*k - 2*t - 16, 5*t + 16 - 6 = -5*k. Suppose 5*u + k*w - 1575 = -330, 3*u - w - 747 = 0. List the prime factors of u.
3, 83
Let k(n) = 65*n**2 - 44*n - 315. List the prime factors of k(-9).
2, 3, 11
Suppose 0 = v + 3*i, -3*v + 45 = v - 3*i. Let u(d) = 28*d - 26. List the prime factors of u(v).
2, 113
Let o(d) = -d**3 + 6*d**2 - 9*d + 11. Let a be o(4). Suppose -a*v + 20 = -141. Suppose -v*c + 5*c = -3960. List the prime factors of c.
2, 5, 11
Let v(i) = -i**2 + 5*i + 5. Let h be v(5). Suppose -9*q - 56 = -h*q. Let f(w) = -w**3 - 15*w**2 - 18*w - 11. List the prime factors of f(q).
3, 5
List the prime factors of (28 - 27)/((-4)/((-25320)/1)).
2, 3, 5, 211
Suppose -7091 = -6*i + 6385. Suppose -5606 = -5*z - 5*c + 8*c, 2*z = 3*c + i. What are the prime factors of z?
2, 5, 7
Suppose 13*m - 208 = 17*m. Let z = -74 - m. What are the prime factors of 1*z*(-65)/10?
11, 13
Let m(k) = -k**2 - 8*k. Let s be m(-8). Let g = 4 + s. Suppose 3*v - g*c - 518 = 26, 5*v - c = 901. List the prime factors of v.
2, 3, 5
Let b = -13787 + 26960. What are the prime factors of b?
3, 4391
Let y be -8*((-20412)/16)/9. Suppose 0 = 2*n - 2*r + y, 3*n + 2671 - 973 = 2*r. Let s = -386 - n. What are the prime factors of s?
2, 89
Let o(y) = -y**3 + 21*y**2 + y - 37. Let h = 82 + -61. Let s be o(h). List the prime factors of (-12)/s + 510/24.
2, 11
Let h = 37526 + -19839. What are the prime factors of h?
23, 769
Let u(i) = 48*i**2 + 2*i + 2. Suppose -28*z + 26*z = -26. Suppose -z = 13*g - 0*g. What are the prime factors of u(g)?
2, 3
Let a be (-7 + 9)/(3 + -2). What are the prime factors of (1*(-14)/3)/(a/(-267))?
7, 89
Let b(i) = i**3 - 21*i**2 + 16*i + 16. Let x be b(19). Let z = -62 - x. What are the prime factors of z?
2, 5, 17
Suppose -d + 2038 = -1548 - 775. List the prime factors of d.
7, 89
Let b be (-5)/(50/65)*-44. Let s = b - 166. Suppose -3*d + s = 27. What are the prime factors of d?
31
Suppose -4*g - 155544 = -4*z, -2*z + 42433 + 35345 = 4*g. List the prime factors of z.
37, 1051
Let v(b) = 39*b**3 + 10*b**2 + 6*b - 268. List the prime factors of v(9).
29027
Let j = -154 - -143. Let o(g) = -13*g + 77. List the prime factors of o(j).
2, 5, 11
Suppose 4*g - m - 3440 = -3*m, -2573 = -3*g - 5*m. Suppose 0 = -5*i + 3*s + 37, -2*s - 260 = -262. Suppose -i*b + 59 = -g. List the prime factors of b.
5, 23
Let r(j) = 4*j**3 - 49*j**2 + 3*j + 30. List the prime factors of r(13).
2, 3
List the prime factors of 4 - -42563 - (25 - 29)/((-4)/6).
3, 4729
Suppose 16*v - 105609 = -37353. What are the prime factors of v?
2, 3, 79
Let y(c) = -15*c**3 - 8*c**2 + 2*c + 5. Let a be y(3). Let x = 849 + a. What are the prime factors of x?
383
List the prime factors of (-28)/210 + 513188/60.
3, 2851
Suppose a - 40233 = -21*g + 24*g, 2*g + 160932 = 4*a. List the prime factors of a.
3, 13411
Let w = -30 + 35. Let r(j) = 63*j + 14. Let a be r(w). Suppose -5*s + 306 + a = 0. List the prime factors of s.
127
Let t(r) = r**3 + 12*r**2 - 4*r + 16. Let z be -3 + 1 + (-31 - -69). Suppose -z = -13*u + 16*u. What are the prime factors of t(u)?
2
Let c(p) = 3*p**2 - 196*p + 314. List the prime factors of c(92).
2, 3, 1279
Suppose -47*r + 3438 + 38580 = 0. List the prime factors of r.
2, 3, 149
Let o be ((-18)/4 + 2)/(1/50). Let w be 5/(o/115) + 4/(-10). List the prime factors of 4 + 81 - (w + 3).
3, 29
Let f be 1*(-2)/8 - 1764/(-336). Suppose 2*m = -2*m + 5*h + 1472, -f*m = -4*h - 1831. List the prime factors of m.
3, 11
Suppose 0 = -l + c - 3, -7 = -10*l + 9*l - c. Suppose -l*d + j + 123 = -49, -3*j = 5*d - 430. What are the prime factors of d?
2, 43
List the prime factors of (-3 - (-8 - 6391)) + (0 - 2).
2, 23, 139
Suppose 51513 = 3*n + 3*q - 177396, 0 = -5*n + q + 381539. What are the prime factors of n?
7, 11, 991
Suppose 11*o - 42800 = 5*o - 2*o. List the prime factors of o.
2, 5, 107
Let j be -2*(-3)/2 - 1. Suppose 15 + 41 = -4*s. What are the prime factors of (-192)/(-14) + (-2)/s*j?
2, 7
Let w = 29061 - 22696. What are the prime factors of w?
5, 19, 67
What are the prime factors of (9384/(-170))/(12/(-1840))?
2, 23
Let q(l) = -30*l - 21. Let z be q(-1). Suppose 0 = -z*d + 14*d - 3945. What are the prime factors of d?
3, 263
List the prime factors of (1/3)/((-834)/(-1251) + 61261/(-91893)).
30631
What are the prime factors of 12782863/335 - (-8)/(-10)?
3, 7, 23, 79
Let l = 119 + -356. Let b = l + 442. List the prime factors of b.
5, 41
Suppose -2*n = -7*w - 7953, -8*w + 13*w - 19950 = -5*n. What are the prime factors of n?
3, 443
Let l(c) = -c**3 - 3*c**2 - c - 18. Let v be l(-4). Suppose -3*k + 4*k = 0. Suppose -2 - 1 = 3*f, k = v*r - 2*f - 168. What are the prime factors of r?
83
Let z = -2487 - -5340. What are the prime factors of z?
3, 317
Let u = 181 - 179. Suppose u*o - 3*o + 307 = 0. What are the prime factors of o?
307
Let z = -26 + 33. Let f be (z/(-7))/((-3)/222). Let y = f + -52. List the prime factors of y.
2, 11
Let u = 23166 + -18750. List the prime factors of u.
2, 3, 23
Let c = 239 + -467. List the prime factors of (-14)/(-49) + 26/7 - c.
2, 29
Let s = 43 - 41. Let q(f) = 11*f**2 + 11*f**2 + 5*f**s - 2 - 9*f**2. List the prime factors of q(-2).
2, 5, 7
Suppose -1623 = 5*o + 2*s, -5*s + 1288 = -4*o - 4*s. Let f = o + 638. List the prime factors of f.
3, 5, 7
Let k(x) = -3*x**3 - 44*x**2 - 3*x + 4. Let g = 102 - 117. What are the prime factors of k(g)?
2, 137
List the prime factors of 20/350 - 1889984/(-280).
2, 3, 5
What are the prime factors of (3 + 0 + 2475/(-3